e?
False
Is 6673213 prime?
False
Is 68056907651 a prime number?
False
Is 2740743431 a prime number?
False
Is 8331112631 a composite number?
False
Is 760189117 a composite number?
False
Is 6570845993 a composite number?
False
Is 2537198479 prime?
False
Is 13279428713 composite?
True
Is 348075311 composite?
True
Is 3762452899 prime?
True
Is 534261741933 composite?
True
Is 1853547233 composite?
True
Is 8197484531 a prime number?
True
Is 44842498667 a composite number?
False
Is 1468079031 composite?
True
Is 999588431 a prime number?
True
Is 1120766363 prime?
True
Is 150878934671 a prime number?
True
Is 643858729 composite?
True
Is 18508697 composite?
True
Is 10441068773 a composite number?
True
Is 59823746131 composite?
True
Is 1460760553 a prime number?
False
Is 13576945633 a prime number?
True
Is 1422867311 a composite number?
False
Is 30135625879 prime?
True
Is 277001473 composite?
True
Is 1074289837 a composite number?
True
Is 29912238997 prime?
False
Is 285114583 a composite number?
True
Is 27758458193 composite?
True
Is 45751956223 a composite number?
False
Is 603006977 composite?
True
Is 240287813 composite?
True
Is 321457603 prime?
True
Is 2950283779 a prime number?
False
Is 2620837073 a composite number?
False
Is 9598116263 a composite number?
False
Is 1440444259 a prime number?
True
Is 139816189 a composite number?
False
Is 882520223 a prime number?
False
Is 1708046443 a prime number?
True
Is 11915480927 a composite number?
True
Is 27716903017 composite?
False
Is 2815724801 composite?
True
Is 837709111 composite?
False
Is 96208947781 a prime number?
True
Is 109963031 a composite number?
True
Is 2238143569 a composite number?
False
Is 13363504549 prime?
False
Is 37291980683 composite?
True
Is 468477257 a prime number?
True
Is 49539427669 prime?
True
Is 9709487803 a prime number?
False
Is 26823920213 prime?
False
Is 921066033 a prime number?
False
Is 729927641 a composite number?
True
Is 5952319367 composite?
True
Is 10293072403 prime?
False
Is 106074715777 composite?
True
Is 109854155513 a composite number?
True
Is 10861249501 composite?
False
Is 37385631499 prime?
True
Is 498896131 prime?
True
Is 51839348423 a composite number?
False
Is 12081293017 prime?
False
Is 853889539 a prime number?
True
Is 1131761533 a composite number?
True
Is 39206647607 composite?
True
Is 229204057 prime?
True
Is 30686490689 composite?
True
Is 932941501 prime?
False
Is 35060130911 prime?
False
Is 14053596629 a composite number?
False
Is 21580481621 a prime number?
True
Is 5401475731 a composite number?
False
Is 21046678721 a prime number?
True
Is 4663187381 prime?
True
Is 3671609771 composite?
False
Is 11125592839 a prime number?
True
Is 40896519611 composite?
False
Is 4093301 prime?
True
Is 981215987 a composite number?
True
Is 186115183 composite?
False
Is 5680170799 a composite number?
False
Is 666562301 composite?
False
Is 413408297 a prime number?
True
Is 13472331 a composite number?
True
Is 788275393 composite?
True
Is 135232667 prime?
True
Is 1601333677 composite?
True
Is 1583958473 prime?
False
Is 7570760027 prime?
True
Is 4491942151 a composite number?
True
Is 76076895137 prime?
False
Is 2575296601 prime?
False
Is 12483611773 prime?
False
Is 208166167 composite?
True
Is 39889223221 a composite number?
False
Is 390553253 composite?
False
Is 299737012229 composite?
False
Is 673453273 composite?
True
Is 39810751 composite?
False
Is 4404614477 a prime number?
True
Is 1379604581 a prime number?
True
Is 2726570846 composite?
True
Is 391794757 composite?
False
Is 10926038047 prime?
True
Is 2981600173 a composite number?
False
Is 11985881 prime?
False
Is 3921406991 a prime number?
True
Is 289459897 a composite number?
False
Is 29535168097 composite?
True
Is 38257489 a prime number?
True
Is 63683705417 prime?
False
Is 809088627 a prime number?
False
Is 1524258817 a prime number?
True
Is 5357591717 prime?
True
Is 1976534867 prime?
False
Is 848647339 prime?
False
Is 2918395357 composite?
True
Is 305237123 a composite number?
True
Is 19098328343 a prime number?
False
Is 156839280254 prime?
False
Is 6316901777 a prime number?
True
Is 1022530478 a prime number?
False
Is 154037169029 prime?
False
Is 71954198053 composite?
True
Is 57366023021 prime?
False
Is 9454423339 composite?
False
Is 56512885433 composite?
False
Is 1330448099 prime?
False
Is 1098456919 a prime number?
False
Is 3738319073 a composite number?
False
Is 7054754653 composite?
False
Is 23855422381 a prime number?
False
Is 18126046319 prime?
True
Is 928210639 composite?
False
Is 24633102071 prime?
False
Is 7905914063 composite?
False
Is 340313879 a composite number?
True
Is 2053038607 composite?
True
Is 9178498621 a prime number?
False
Is 3123046483 a composite number?
True
Is 350791673 composite?
True
Is 7138022071 composite?
True
Is 34843775381 composite?
True
Is 32971158169 prime?
True
Is 2858694221 composite?
False
Is 2804442793 prime?
True
Is 4562386703 prime?
False
Is 2888022793 a composite number?
True
Is 337620383 a prime number?
False
Is 10164124519 a prime number?
True
Is 11541742981 a composite number?
False
Is 40913406022 prime?
False
Is 357792048101 a composite number?
True
Is 1187823877 prime?
True
Is 257538719 a composite number?
False
Is 12281926961 a composite number?
True
Is 41876284729 composite?
True
Is 761754459 a composite number?
True
Is 637312463 a composite number?
False
Is 6229497959 a composite number?
True
Is 2555414869 prime?
False
Is 2084710891 composite?
False
Is 12286397 a composite number?
False
Is 4944842251 a composite number?
False
Is 1856860073 prime?
False
Is 273308439121 a prime number?
False
Is 123721123 composite?
True
Is 74983704745 a prime number?
False
Is 49261838983 prime?
False
Is 12197166437 prime?
True
Is 43782316283 prime?
False
Is 3761191019 a composite number?
False
Is 763826879 a prime number?
False
Is 40677123797 a prime number?
True
Is 107091527597 prime?
False
Is 17092257719 a composite number?
False
Is 321425344361 a composite number?
True
Is 607302209 composite?
True
Is 83228696921 a prime number?
True
Is 4085959447 a prime number?
True
Is 41167747843 prime?
True
Is 99517993 a composite number?
False
Is 3952522121 composite?
False
Is 15008683187 prime?
True
Is 151878319 a prime number?
True
Is 22352736565 a prime number?
False
Is 474002491 composite?
False
Is 7065283157 a prime number?
False
Is 953009539 composite?
False
Is 877980379 a composite number?
False
Is 1532694209 a composite number?
True
Is 698852101 a composite number?
True
Is 5580294065 composite?
True
Is 6727776061 a composite number?
True
Is 2120187754 a composite number?
True
Is 8050696861 prime?
False
Is 3963667189 composite?
True
Is 22040000602 prime?
False
Is 1721529163 a composite number?
True
Is 3153768403 a composite number?
False
Is 6678793211 composite?
True
Is 429959611 composite?
True
Is 8347717303 a composite number?
False
Is 25389753539 a prime number?
False
Is 3073764397 prime?
False
Is 2373732841 a prime number?
True
Is 75077207 composite?
False
Is 7040851087 a composite number?
True
Is 1344601591 composite?
False
Is 57523142395 a prime number?
False
Is 80738926189 prime?
True
Is 33431228407 composite?
False
Is 31085908621 a prime number?
True
Is 262014917 a composite number?
False
Is 20058389581 a composite number?
True
Is 13384072729 a prime number?
True
Is 1483725967 prime?
True
Is 3555360779 composite?
False
Is 16864855429 composite?
False
Is 13394831801 a composite number?
True
Is 80803543231 a composite number?
True
Is 7394575178 a composite number?
True
Is 7001103493 a prime number?
True
Is 823712521 a composite number?
True
Is 6096289 composite?
False
Is 501322799 prime?
True
Is 3277764163 prime?
False
Is 232980193 prime?
True
Is 81808627 a prime number?
False
Is 7292579695 prime?
False
Is 18992261921 composite?
False
Is 9089627882 prime?
False
Is 5746111387 composite?
True
Is 50868826501 prime?
True
Is 957548993 a prime number?
True
Is 1840053331 prime?
False
Is 37947545243 a prime number?
False
Is 27833302807 composite?
True
Is 769642931 prime?
False
Is 10160113933 composite?
False
Is 1294392403 prime?
True
Is 13085077493 a composite number?
False
Is 1449942451 a composite number?
False
Is 6893270497 composite?
False
Is 254500004533 a composite number?
